{"id":2,"date":"2016-03-12T02:50:32","date_gmt":"2016-03-12T01:50:32","guid":{"rendered":"http:\/\/escaffre.com\/wordpress\/?page_id=2"},"modified":"2021-06-04T10:24:17","modified_gmt":"2021-06-04T08:24:17","slug":"biographie","status":"publish","type":"page","link":"http:\/\/escaffre.com\/index.php\/biographie\/","title":{"rendered":"Biographie"},"content":{"rendered":"<p><span style=\"font-family: arial,helvetica,sans-serif; font-size: 14pt;\">Sculpteur de la pens\u00e9e, de la Libert\u00e9 et de L\u2019espace<\/span><\/p>\n<p>N\u00e9 \u00e0 Castelnaudary (Aude) le 28 avril 1 941 .<br \/>\n\u2022 Acad\u00e9mie de la Grande Chaumi\u00e8re (PARIS)<br \/>\n\u2022 Ecole du Louvre (PARIS)<br \/>\n\u2022 Ecole des Beaux-Arts de Paris<\/p>\n<p><span style=\"font-family: arial,helvetica,sans-serif; font-size: 14pt;\">D\u00c9MARCHE<\/span><br \/>\nD\u00e8s 1 973, MONTOYA, critique d\u2019Art disait : \u00ab Jean Escaffre sait donner une dimension philosophique \u00e0 un art que trop limitent \u00e0 la<br \/>\ndocumentation formelle \u00bb<br \/>\n\u2022 En art monumental comme en mobilier, ma vision du rapport volume-espace m\u2019a entra\u00een\u00e9 \u00e0 la recherche de nouvelles formes \u00e0<\/p>\n<figure id=\"attachment_21\" aria-describedby=\"caption-attachment-21\" style=\"width: 206px\" class=\"wp-caption alignright\"><img loading=\"lazy\" decoding=\"async\" class=\"wp-image-21 size-medium\" src=\"http:\/\/escaffre.com\/wp-content\/uploads\/2016\/03\/travbiarritz-206x300.jpg\" alt=\"travbiarritz\" width=\"206\" height=\"300\" srcset=\"http:\/\/escaffre.com\/wp-content\/uploads\/2016\/03\/travbiarritz-206x300.jpg 206w, http:\/\/escaffre.com\/wp-content\/uploads\/2016\/03\/travbiarritz.jpg 270w\" sizes=\"auto, (max-width: 206px) 100vw, 206px\" \/><figcaption id=\"caption-attachment-21\" class=\"wp-caption-text\">Symposium de Biarritz Plateau de l&rsquo;Atalaye<\/figcaption><\/figure>\n<p>int\u00e9grer dans la vie de tous les jours,dans l\u2019habitat et dans les lieux<br \/>\npublics.<\/p>\n<p><span style=\"font-size: 14pt; font-family: arial,helvetica,sans-serif;\">ACTIVIT\u00c9S<\/span><br \/>\n\u2022 Sculpteur professionnel depuis 1971<br \/>\n\u2022 En temps que plasticien, expositions dans salons (nombreuses distinctions) et galeries Paris, Province, I talie, Espagne.<br \/>\n\u2022 Artiste de la Galerie \u00ab JCRiedel\u00bb 12, rue Gu\u00e9n\u00e9gaud, Paris 6\u00e8me, depuis 1986.<br \/>\n\u2022 Symposiums de sculpture sur bois, pierre, marbre.<br \/>\n\u2022 En temps que concepteur, r\u00e9alisation de protophones, mobilier (pour l\u2019habitat et l\u2019industrie), monuments fun\u00e9raires, fontaines,<br \/>\nm\u00e9dailles, \u00e9clairages.<\/p>\n<p>Passage \u00e0 la sculpture num\u00e9rique, impression 3D<\/p>\n<p><span style=\"font-size: 14pt; font-family: arial,helvetica,sans-serif;\">OEUVRES<\/span><br \/>\nCollections publiques ( Allemagne, France)et priv\u00e9es (Allemagne, Br\u00e9sil, Etats Unis, France, Japon).<\/p>\n<hr \/>\n<p>Entrer dans la galaxie de Jean ESCAFFRE<\/p>\n<p>Si l\u2019humanit\u00e9 devait dispara\u00eetre, il resterait sans aucun doute la duret\u00e9 des marbres de Jean ESCAFFRE dans lesquels il a inscrit l\u2019essentiel.<\/p>\n<figure id=\"attachment_24\" aria-describedby=\"caption-attachment-24\" style=\"width: 270px\" class=\"wp-caption alignright\"><img loading=\"lazy\" decoding=\"async\" class=\"wp-image-24 size-full\" src=\"http:\/\/escaffre.com\/wp-content\/uploads\/2016\/03\/cycleau_biblio.jpg\" alt=\"Cycle de l'eau &quot;fontaine&quot;\" width=\"270\" height=\"203\" \/><figcaption id=\"caption-attachment-24\" class=\"wp-caption-text\">Cycle de l&rsquo;eau<br \/>\u00ab\u00a0fontaine\u00a0\u00bb<\/figcaption><\/figure>\n<p>Il y a la lumi\u00e8re dans des \u00abbornes lumineuses\u00bb comme autant d\u2019\u00e9toiles d\u2019une galaxie aliment\u00e9e par F\u00e9e Electricit\u00e9, une fa\u00e7on moderne de c\u00e9l\u00e9brer le progr\u00e8s humain mais nous retenons aussi la lumi\u00e8re naturelle, intemporelle, presque originelle de \u00ablumi\u00e8re d\u2019Asie\u00bb, taill\u00e9e dans l\u2019\u00e9conomie du signe, la transcendance du nombre, le rapport constant de la circonf\u00e9rence du cercle \u00e0 son diam\u00e8tre. Dans ce travail d\u2019alliance des cultures, le sculpteur donne \u00e0 la raison de l\u2019Occident, l\u2019int\u00e9riorit\u00e9 et la puissance m\u00e9ditative de l\u2019Orient, un appel \u00e0 l\u2019universalit\u00e9 des cultures.<\/p>\n<p>Dans cette observation galactique, nous sommes appel\u00e9s par la courbe de \u00abdouceur pyr\u00e9n\u00e9enne\u00bb qui semble alimenter le chant des fontaines, sur lesquelles on s\u2019interroge : fontaine cosmique, fontaine de sang, de sacrifices antiques ou fontaine o\u00f9 se retrouvent, dans l\u2019offrande de la ronde des c\u0153urs, les mains nou\u00e9es des amoureux.<\/p>\n<p>Ce chant de l\u2019eau trouve t-il sa source dans la simplicit\u00e9 des rivi\u00e8res du Pays Basque ? Ou plus universellement nous offre la pl\u00e9nitude cosmique ? \u00able cycle de l\u2019eau\u00bb, du ciel \u00e0 la terre, l\u2019eau glisse des nuages jusqu\u2019aux piliers du temple et d\u00e9couvre la magie des prairies dans les veines de marbre vert. Cette \u0153uvre rappelle la patience du labeur achev\u00e9 de l\u2019homme et de dieu, la totalit\u00e9 de l\u2019exp\u00e9rience de nature et de culture qui fait la grandeur des civilisations humaines.<\/p>\n<p>C\u2019est ce creuset de culture que nous offre Jean ESCAFFRE, avec les inventions humaines de la science \u00abHypot\u00e9nuse\u00bb comme les cr\u00e9ations de l\u2019art \u00abJazz et Java\u00bb.<\/p>\n<p>Alors si l\u2019humanit\u00e9 devait dispara\u00eetre, le survivant ou l\u2019extra-terrestre s\u2019interrogerait sur les causes de ce d\u00e9sastre, peut-\u00eatre pourrait-il trouver un d\u00e9but d\u2019explication dans \u00abla valse du dollar\u00bb et s\u2019il lui venait l\u2019id\u00e9e de manipuler \u00abl\u2019arche de libert\u00e9\u00bb, il d\u00e9couvrirait que les noces \u00e9tranges de la barbarie et du dollar ont eu raison de cette plan\u00e8te.<\/p>\n<p>Nicole BARRI\u00c8RE Po\u00e8te Paris le 07\/06\/2002<\/p>\n","protected":false},"excerpt":{"rendered":"<p>Sculpteur de la pens\u00e9e, de la Libert\u00e9 et de L\u2019espace N\u00e9 \u00e0 Castelnaudary (Aude) le 28 avril 1 941 . \u2022 Acad\u00e9mie de&#8230;<\/p>\n","protected":false},"author":1,"featured_media":0,"parent":0,"menu_order":0,"comment_status":"closed","ping_status":"open","template":"page-full-width.php","meta":{"footnotes":""},"class_list":["post-2","page","type-page","status-publish","hentry"],"_links":{"self":[{"href":"http:\/\/escaffre.com\/index.php\/wp-json\/wp\/v2\/pages\/2","targetHints":{"allow":["GET"]}}],"collection":[{"href":"http:\/\/escaffre.com\/index.php\/wp-json\/wp\/v2\/pages"}],"about":[{"href":"http:\/\/escaffre.com\/index.php\/wp-json\/wp\/v2\/types\/page"}],"author":[{"embeddable":true,"href":"http:\/\/escaffre.com\/index.php\/wp-json\/wp\/v2\/users\/1"}],"replies":[{"embeddable":true,"href":"http:\/\/escaffre.com\/index.php\/wp-json\/wp\/v2\/comments?post=2"}],"version-history":[{"count":8,"href":"http:\/\/escaffre.com\/index.php\/wp-json\/wp\/v2\/pages\/2\/revisions"}],"predecessor-version":[{"id":625,"href":"http:\/\/escaffre.com\/index.php\/wp-json\/wp\/v2\/pages\/2\/revisions\/625"}],"wp:attachment":[{"href":"http:\/\/escaffre.com\/index.php\/wp-json\/wp\/v2\/media?parent=2"}],"curies":[{"name":"wp","href":"https:\/\/api.w.org\/{rel}","templated":true}]}}