{"id":101,"date":"2016-03-27T09:20:56","date_gmt":"2016-03-27T08:20:56","guid":{"rendered":"http:\/\/escaffre.com\/wordpress\/?page_id=101"},"modified":"2017-12-21T18:07:57","modified_gmt":"2017-12-21T17:07:57","slug":"galerie-bois","status":"publish","type":"page","link":"http:\/\/escaffre.com\/index.php\/galerie-bois\/","title":{"rendered":"Galerie bois"},"content":{"rendered":"<div id='gallery-1' class='gallery galleryid-101 gallery-columns-4 gallery-size-thumbnail'><figure class='gallery-item'>\n\t\t\t<div class='gallery-icon landscape'>\n\t\t\t\t<a href='http:\/\/escaffre.com\/index.php\/galerie-bois\/3800-milliards\/'><img loading=\"lazy\" decoding=\"async\" width=\"150\" height=\"150\" src=\"http:\/\/escaffre.com\/wp-content\/uploads\/2016\/03\/3800-Milliards-150x150.jpg\" class=\"attachment-thumbnail size-thumbnail\" alt=\"sculpture bois prunier\" aria-describedby=\"gallery-1-103\" \/><\/a>\n\t\t\t<\/div>\n\t\t\t\t<figcaption class='wp-caption-text gallery-caption' id='gallery-1-103'>\n\t\t\t\t3,800 Milliards\n\t\t\t\t<\/figcaption><\/figure><figure class='gallery-item'>\n\t\t\t<div class='gallery-icon portrait'>\n\t\t\t\t<a href='http:\/\/escaffre.com\/index.php\/galerie-bois\/degener\/'><img loading=\"lazy\" decoding=\"async\" width=\"150\" height=\"150\" src=\"http:\/\/escaffre.com\/wp-content\/uploads\/2016\/03\/de\u0301gene\u0301r-150x150.jpg\" class=\"attachment-thumbnail size-thumbnail\" alt=\"sculpture bois prunier\" aria-describedby=\"gallery-1-110\" \/><\/a>\n\t\t\t<\/div>\n\t\t\t\t<figcaption class='wp-caption-text gallery-caption' id='gallery-1-110'>\n\t\t\t\tD\u00c9GEN\u00c9RESCENCE\n\t\t\t\t<\/figcaption><\/figure><figure class='gallery-item'>\n\t\t\t<div class='gallery-icon portrait'>\n\t\t\t\t<a href='http:\/\/escaffre.com\/index.php\/galerie-bois\/anthrop\/'><img loading=\"lazy\" decoding=\"async\" width=\"150\" height=\"150\" src=\"http:\/\/escaffre.com\/wp-content\/uploads\/2016\/03\/anthrop-150x150.jpg\" class=\"attachment-thumbnail size-thumbnail\" alt=\"sculpture bois ch\u00eane\" aria-describedby=\"gallery-1-105\" \/><\/a>\n\t\t\t<\/div>\n\t\t\t\t<figcaption class='wp-caption-text gallery-caption' id='gallery-1-105'>\n\t\t\t\tANTHROPOC\u00c8NE\n\t\t\t\t<\/figcaption><\/figure><figure class='gallery-item'>\n\t\t\t<div class='gallery-icon landscape'>\n\t\t\t\t<a href='http:\/\/escaffre.com\/index.php\/galerie-bois\/c-en-or\/'><img loading=\"lazy\" decoding=\"async\" width=\"150\" height=\"150\" src=\"http:\/\/escaffre.com\/wp-content\/uploads\/2016\/03\/c.en-or-150x150.jpg\" class=\"attachment-thumbnail size-thumbnail\" alt=\"sculpture bois poirier+dorure\" aria-describedby=\"gallery-1-108\" \/><\/a>\n\t\t\t<\/div>\n\t\t\t\t<figcaption class='wp-caption-text gallery-caption' id='gallery-1-108'>\n\t\t\t\tSE FAIRE DES COUILLES EN OR\n\t\t\t\t<\/figcaption><\/figure><figure class='gallery-item'>\n\t\t\t<div class='gallery-icon portrait'>\n\t\t\t\t<a href='http:\/\/escaffre.com\/index.php\/galerie-bois\/ogm\/'><img loading=\"lazy\" decoding=\"async\" width=\"150\" height=\"150\" src=\"http:\/\/escaffre.com\/wp-content\/uploads\/2016\/03\/ogm-150x150.jpg\" class=\"attachment-thumbnail size-thumbnail\" alt=\"sculpture bois acacia\" aria-describedby=\"gallery-1-117\" \/><\/a>\n\t\t\t<\/div>\n\t\t\t\t<figcaption class='wp-caption-text gallery-caption' id='gallery-1-117'>\n\t\t\t\tOGM\n\t\t\t\t<\/figcaption><\/figure><figure class='gallery-item'>\n\t\t\t<div class='gallery-icon portrait'>\n\t\t\t\t<a href='http:\/\/escaffre.com\/index.php\/galerie-bois\/betise\/'><img loading=\"lazy\" decoding=\"async\" width=\"150\" height=\"150\" src=\"http:\/\/escaffre.com\/wp-content\/uploads\/2016\/03\/betise-150x150.jpg\" class=\"attachment-thumbnail size-thumbnail\" alt=\"sculpture bois h\u00eatre\" aria-describedby=\"gallery-1-107\" \/><\/a>\n\t\t\t<\/div>\n\t\t\t\t<figcaption class='wp-caption-text gallery-caption' id='gallery-1-107'>\n\t\t\t\tLA B\u00caTISE\n\t\t\t\t<\/figcaption><\/figure><figure class='gallery-item'>\n\t\t\t<div class='gallery-icon portrait'>\n\t\t\t\t<a href='http:\/\/escaffre.com\/index.php\/galerie-bois\/code-du\/'><img loading=\"lazy\" decoding=\"async\" width=\"150\" height=\"150\" src=\"http:\/\/escaffre.com\/wp-content\/uploads\/2016\/03\/code-du-150x150.jpg\" class=\"attachment-thumbnail size-thumbnail\" alt=\"sculpture bois If &amp; Tilleul\" aria-describedby=\"gallery-1-109\" \/><\/a>\n\t\t\t<\/div>\n\t\t\t\t<figcaption class='wp-caption-text gallery-caption' id='gallery-1-109'>\n\t\t\t\tCODE DU VIVANT\n\t\t\t\t<\/figcaption><\/figure><figure class='gallery-item'>\n\t\t\t<div class='gallery-icon portrait'>\n\t\t\t\t<a href='http:\/\/escaffre.com\/index.php\/galerie-bois\/genie_-gen\/'><img loading=\"lazy\" decoding=\"async\" width=\"150\" height=\"150\" src=\"http:\/\/escaffre.com\/wp-content\/uploads\/2016\/03\/genie_-gen-150x150.jpg\" class=\"attachment-thumbnail size-thumbnail\" alt=\"sculpture bois acajou &amp; poirier\" aria-describedby=\"gallery-1-111\" \/><\/a>\n\t\t\t<\/div>\n\t\t\t\t<figcaption class='wp-caption-text gallery-caption' id='gallery-1-111'>\n\t\t\t\tG\u00c9NIE G\u00c9N\u00c9TIQUE\n\t\t\t\t<\/figcaption><\/figure><figure class='gallery-item'>\n\t\t\t<div class='gallery-icon portrait'>\n\t\t\t\t<a href='http:\/\/escaffre.com\/index.php\/galerie-bois\/latreas\/'><img loading=\"lazy\" decoding=\"async\" width=\"150\" height=\"150\" src=\"http:\/\/escaffre.com\/wp-content\/uploads\/2016\/03\/latreas-150x150.jpg\" class=\"attachment-thumbnail size-thumbnail\" alt=\"bois tilleul\" aria-describedby=\"gallery-1-115\" \/><\/a>\n\t\t\t<\/div>\n\t\t\t\t<figcaption class='wp-caption-text gallery-caption' id='gallery-1-115'>\n\t\t\t\tLATREAS\n\t\t\t\t<\/figcaption><\/figure><figure class='gallery-item'>\n\t\t\t<div class='gallery-icon portrait'>\n\t\t\t\t<a href='http:\/\/escaffre.com\/index.php\/galerie-bois\/hymen\/'><img loading=\"lazy\" decoding=\"async\" width=\"150\" height=\"150\" src=\"http:\/\/escaffre.com\/wp-content\/uploads\/2016\/03\/hymen-150x150.jpg\" class=\"attachment-thumbnail size-thumbnail\" alt=\"sculpture bois noyer\" aria-describedby=\"gallery-1-114\" \/><\/a>\n\t\t\t<\/div>\n\t\t\t\t<figcaption class='wp-caption-text gallery-caption' id='gallery-1-114'>\n\t\t\t\tHYM\u00c9NOPT\u00c8RE\n\t\t\t\t<\/figcaption><\/figure><figure class='gallery-item'>\n\t\t\t<div class='gallery-icon portrait'>\n\t\t\t\t<a href='http:\/\/escaffre.com\/index.php\/galerie-bois\/griffe\/'><img loading=\"lazy\" decoding=\"async\" width=\"150\" height=\"150\" src=\"http:\/\/escaffre.com\/wp-content\/uploads\/2016\/03\/griffe-150x150.jpg\" class=\"attachment-thumbnail size-thumbnail\" alt=\"sculpture bois ch\u00eane c\u00e9rus\u00e9\" aria-describedby=\"gallery-1-113\" \/><\/a>\n\t\t\t<\/div>\n\t\t\t\t<figcaption class='wp-caption-text gallery-caption' id='gallery-1-113'>\n\t\t\t\tGRIFFE DU POUVOIR\n\t\t\t\t<\/figcaption><\/figure><figure class='gallery-item'>\n\t\t\t<div class='gallery-icon portrait'>\n\t\t\t\t<a href='http:\/\/escaffre.com\/index.php\/galerie-bois\/atlas\/'><img loading=\"lazy\" decoding=\"async\" width=\"150\" height=\"150\" src=\"http:\/\/escaffre.com\/wp-content\/uploads\/2016\/03\/atlas-150x150.jpg\" class=\"attachment-thumbnail size-thumbnail\" alt=\"sculpture cep de vigne\" aria-describedby=\"gallery-1-106\" \/><\/a>\n\t\t\t<\/div>\n\t\t\t\t<figcaption class='wp-caption-text gallery-caption' id='gallery-1-106'>\n\t\t\t\tATLAS\n\t\t\t\t<\/figcaption><\/figure><figure class='gallery-item'>\n\t\t\t<div class='gallery-icon portrait'>\n\t\t\t\t<a href='http:\/\/escaffre.com\/index.php\/galerie-bois\/germinal\/'><img loading=\"lazy\" decoding=\"async\" width=\"150\" height=\"150\" src=\"http:\/\/escaffre.com\/wp-content\/uploads\/2016\/03\/germinal-150x150.jpg\" class=\"attachment-thumbnail size-thumbnail\" alt=\"sculpture bois poirier\" aria-describedby=\"gallery-1-112\" \/><\/a>\n\t\t\t<\/div>\n\t\t\t\t<figcaption class='wp-caption-text gallery-caption' id='gallery-1-112'>\n\t\t\t\tGERMINATION\n\t\t\t\t<\/figcaption><\/figure><figure class='gallery-item'>\n\t\t\t<div class='gallery-icon portrait'>\n\t\t\t\t<a href='http:\/\/escaffre.com\/index.php\/galerie-bois\/mouvement\/'><img loading=\"lazy\" decoding=\"async\" width=\"150\" height=\"150\" src=\"http:\/\/escaffre.com\/wp-content\/uploads\/2016\/03\/mouvement-150x150.jpg\" class=\"attachment-thumbnail size-thumbnail\" alt=\"sculpture bois cep de vigne\" aria-describedby=\"gallery-1-116\" \/><\/a>\n\t\t\t<\/div>\n\t\t\t\t<figcaption class='wp-caption-text gallery-caption' id='gallery-1-116'>\n\t\t\t\tMOUVEMENT\n\t\t\t\t<\/figcaption><\/figure><figure class='gallery-item'>\n\t\t\t<div class='gallery-icon portrait'>\n\t\t\t\t<a href='http:\/\/escaffre.com\/index.php\/galerie-bois\/attachment\/31\/'><img loading=\"lazy\" decoding=\"async\" width=\"150\" height=\"150\" src=\"http:\/\/escaffre.com\/wp-content\/uploads\/2016\/03\/31-150x150.jpg\" class=\"attachment-thumbnail size-thumbnail\" alt=\"sculptre bois alizier\" aria-describedby=\"gallery-1-104\" \/><\/a>\n\t\t\t<\/div>\n\t\t\t\t<figcaption class='wp-caption-text gallery-caption' id='gallery-1-104'>\n\t\t\t\t3 = 1\n\t\t\t\t<\/figcaption><\/figure><figure class='gallery-item'>\n\t\t\t<div class='gallery-icon portrait'>\n\t\t\t\t<a href='http:\/\/escaffre.com\/index.php\/galerie-bois\/proto-bois\/'><img loading=\"lazy\" decoding=\"async\" width=\"150\" height=\"150\" src=\"http:\/\/escaffre.com\/wp-content\/uploads\/2016\/03\/proto-bois-150x150.jpg\" class=\"attachment-thumbnail size-thumbnail\" alt=\"sculpture bois ch\u00eane &amp; fr\u00eane\" aria-describedby=\"gallery-1-118\" \/><\/a>\n\t\t\t<\/div>\n\t\t\t\t<figcaption class='wp-caption-text gallery-caption' id='gallery-1-118'>\n\t\t\t\tPROTOPHONE\n\t\t\t\t<\/figcaption><\/figure><figure class='gallery-item'>\n\t\t\t<div class='gallery-icon landscape'>\n\t\t\t\t<a href='http:\/\/escaffre.com\/index.php\/galerie-bois\/soupe1\/'><img loading=\"lazy\" decoding=\"async\" width=\"150\" height=\"150\" src=\"http:\/\/escaffre.com\/wp-content\/uploads\/2016\/03\/soupe1-150x150.jpg\" class=\"attachment-thumbnail size-thumbnail\" alt=\"sculpture bois orme\" aria-describedby=\"gallery-1-119\" \/><\/a>\n\t\t\t<\/div>\n\t\t\t\t<figcaption class='wp-caption-text gallery-caption' id='gallery-1-119'>\n\t\t\t\tLA SOUPE ORIGINELLE\n\t\t\t\t<\/figcaption><\/figure>\n\t\t<\/div>\n\n","protected":false},"excerpt":{"rendered":"","protected":false},"author":1,"featured_media":0,"parent":0,"menu_order":0,"comment_status":"closed","ping_status":"closed","template":"","meta":{"footnotes":""},"class_list":["post-101","page","type-page","status-publish","hentry"],"_links":{"self":[{"href":"http:\/\/escaffre.com\/index.php\/wp-json\/wp\/v2\/pages\/101","targetHints":{"allow":["GET"]}}],"collection":[{"href":"http:\/\/escaffre.com\/index.php\/wp-json\/wp\/v2\/pages"}],"about":[{"href":"http:\/\/escaffre.com\/index.php\/wp-json\/wp\/v2\/types\/page"}],"author":[{"embeddable":true,"href":"http:\/\/escaffre.com\/index.php\/wp-json\/wp\/v2\/users\/1"}],"replies":[{"embeddable":true,"href":"http:\/\/escaffre.com\/index.php\/wp-json\/wp\/v2\/comments?post=101"}],"version-history":[{"count":2,"href":"http:\/\/escaffre.com\/index.php\/wp-json\/wp\/v2\/pages\/101\/revisions"}],"predecessor-version":[{"id":120,"href":"http:\/\/escaffre.com\/index.php\/wp-json\/wp\/v2\/pages\/101\/revisions\/120"}],"wp:attachment":[{"href":"http:\/\/escaffre.com\/index.php\/wp-json\/wp\/v2\/media?parent=101"}],"curies":[{"name":"wp","href":"https:\/\/api.w.org\/{rel}","templated":true}]}}