{"id":205,"date":"2016-03-31T13:35:41","date_gmt":"2016-03-31T12:35:41","guid":{"rendered":"http:\/\/escaffre.com\/wordpress\/wp-content\/uploads\/2016\/03\/porte-pyren.jpg"},"modified":"2019-11-25T16:27:08","modified_gmt":"2019-11-25T15:27:08","slug":"porte-pyren","status":"inherit","type":"attachment","link":"http:\/\/escaffre.com\/index.php\/galerie-marbre\/porte-pyren\/","title":{"rendered":"Porte des Pyr\u00e9n\u00e9es"},"author":1,"featured_media":0,"comment_status":"open","ping_status":"closed","template":"","meta":[],"class_list":["post-205","attachment","type-attachment","status-inherit","hentry"],"description":{"rendered":"<p class=\"attachment\"><a href='http:\/\/escaffre.com\/wp-content\/uploads\/2016\/03\/porte-pyren.jpg'><img loading=\"lazy\" decoding=\"async\" width=\"247\" height=\"300\" src=\"http:\/\/escaffre.com\/wp-content\/uploads\/2016\/03\/porte-pyren-247x300.jpg\" class=\"attachment-medium size-medium\" alt=\"sculpture marbre\" srcset=\"http:\/\/escaffre.com\/wp-content\/uploads\/2016\/03\/porte-pyren-247x300.jpg 247w, http:\/\/escaffre.com\/wp-content\/uploads\/2016\/03\/porte-pyren.jpg 411w\" sizes=\"auto, (max-width: 247px) 100vw, 247px\" \/><\/a><\/p>\n<p>Symbole de la porte, clin d&rsquo;oeil rappelant l&rsquo;entr\u00e9e des grandes cit\u00e9es qui sont rest\u00e9es dans la m\u00e9moire des hommes.<br \/>\nFranchir une porte c&rsquo;est aussi aller vers les autres.<\/p>\n<p>Marbre d\u2019Arudy Paloma<br \/>\nDimensions : 80 &#8211; 100 &#8211; 25 cm<br \/>\nRecherche pour une r\u00e9alisation monumentale<br \/>\n<ins datetime=\"2019-11-25T15:25:59+00:00\">Donation \u00e0 la ville de PIERREFITTE-NESTALAS 65260<\/p>\n"},"caption":{"rendered":"<p>PORTE DES PYR\u00c9N\u00c9ES<\/p>\n"},"alt_text":"sculpture marbre","media_type":"image","mime_type":"image\/jpeg","media_details":{"width":411,"height":500,"file":"2016\/03\/porte-pyren.jpg","sizes":{"thumbnail":{"file":"porte-pyren-150x150.jpg","width":150,"height":150,"mime_type":"image\/jpeg","source_url":"http:\/\/escaffre.com\/wp-content\/uploads\/2016\/03\/porte-pyren-150x150.jpg"},"medium":{"file":"porte-pyren-247x300.jpg","width":247,"height":300,"mime_type":"image\/jpeg","source_url":"http:\/\/escaffre.com\/wp-content\/uploads\/2016\/03\/porte-pyren-247x300.jpg"},"homepage-thumb":{"file":"porte-pyren-330x270.jpg","width":330,"height":270,"mime_type":"image\/jpeg","source_url":"http:\/\/escaffre.com\/wp-content\/uploads\/2016\/03\/porte-pyren-330x270.jpg"},"full":{"file":"porte-pyren.jpg","width":411,"height":500,"mime_type":"image\/jpeg","source_url":"http:\/\/escaffre.com\/wp-content\/uploads\/2016\/03\/porte-pyren.jpg"}},"image_meta":{"aperture":"0","credit":"","camera":"","caption":"","created_timestamp":"0","copyright":"","focal_length":"0","iso":"0","shutter_speed":"0","title":"","orientation":"0","keywords":[]}},"post":123,"source_url":"http:\/\/escaffre.com\/wp-content\/uploads\/2016\/03\/porte-pyren.jpg","_links":{"self":[{"href":"http:\/\/escaffre.com\/index.php\/wp-json\/wp\/v2\/media\/205","targetHints":{"allow":["GET"]}}],"collection":[{"href":"http:\/\/escaffre.com\/index.php\/wp-json\/wp\/v2\/media"}],"about":[{"href":"http:\/\/escaffre.com\/index.php\/wp-json\/wp\/v2\/types\/attachment"}],"author":[{"embeddable":true,"href":"http:\/\/escaffre.com\/index.php\/wp-json\/wp\/v2\/users\/1"}],"replies":[{"embeddable":true,"href":"http:\/\/escaffre.com\/index.php\/wp-json\/wp\/v2\/comments?post=205"}]}}

Porte des Pyrénées

<p class="attachment"><a href='http://escaffre.com/wp-content/uploads/2016/03/porte-pyren.jpg'><img loading="lazy" decoding="async" width="247" height="300" src="http://escaffre.com/wp-content/uploads/2016/03/porte-pyren-247x300.jpg" class="attachment-medium size-medium" alt="sculpture marbre" srcset="http://escaffre.com/wp-content/uploads/2016/03/porte-pyren-247x300.jpg 247w, http://escaffre.com/wp-content/uploads/2016/03/porte-pyren.jpg 411w" sizes="auto, (max-width: 247px) 100vw, 247px" /></a></p>
<p>Symbole de la porte, clin d&rsquo;oeil rappelant l&rsquo;entrée des grandes citées qui sont restées dans la mémoire des hommes.<br />
Franchir une porte c&rsquo;est aussi aller vers les autres.</p>
<p>Marbre d’Arudy Paloma<br />
Dimensions : 80 &#8211; 100 &#8211; 25 cm<br />
Recherche pour une réalisation monumentale<br />
<ins datetime="2019-11-25T15:25:59+00:00">Donation à la ville de PIERREFITTE-NESTALAS 65260</p>

<p>PORTE DES PYRÉNÉES</p>
